{"id":2222,"date":"2022-11-08T11:01:07","date_gmt":"2022-11-08T15:01:07","guid":{"rendered":"https:\/\/ihsfa.cl\/?page_id=2222"},"modified":"2024-08-05T12:16:22","modified_gmt":"2024-08-05T16:16:22","slug":"direccion-de-formacion","status":"publish","type":"page","link":"https:\/\/ihsfa.cl\/index.php\/direccion-de-formacion\/","title":{"rendered":"Direcci\u00f3n de Formaci\u00f3n"},"content":{"rendered":"<p>[et_pb_section fb_built=&#8221;1&#8243; _builder_version=&#8221;4.16&#8243; _module_preset=&#8221;default&#8221; background_color=&#8221;#433f87&#8243; border_width_top=&#8221;2px&#8221; border_color_top=&#8221;#e09900&#8243; global_colors_info=&#8221;{}&#8221;][et_pb_row _builder_version=&#8221;4.16&#8243; _module_preset=&#8221;default&#8221; global_colors_info=&#8221;{}&#8221;][et_pb_column type=&#8221;4_4&#8243; _builder_version=&#8221;4.16&#8243; _module_preset=&#8221;default&#8221; global_colors_info=&#8221;{}&#8221;][et_pb_text _builder_version=&#8221;4.16&#8243; _dynamic_attributes=&#8221;content&#8221; _module_preset=&#8221;default&#8221; header_font=&#8221;|700||on|||||&#8221; header_text_align=&#8221;center&#8221; header_text_color=&#8221;#ffffff&#8221; header_font_size=&#8221;45px&#8221; header_line_height=&#8221;1.3em&#8221; global_colors_info=&#8221;{}&#8221;]@ET-DC@eyJkeW5hbWljIjp0cnVlLCJjb250ZW50IjoicG9zdF9saW5rIiwic2V0dGluZ3MiOnsiYmVmb3JlIjoiPGgxPiIsImFmdGVyIjoiPC9oMT4iLCJ0ZXh0IjoicG9zdF90aXRsZSIsImN1c3RvbV90ZXh0IjoiIn19@[\/et_pb_text][\/et_pb_column][\/et_pb_row][\/et_pb_section][et_pb_section fb_built=&#8221;1&#8243; _builder_version=&#8221;4.16&#8243; _module_preset=&#8221;default&#8221; global_colors_info=&#8221;{}&#8221;][et_pb_row _builder_version=&#8221;4.16&#8243; _module_preset=&#8221;default&#8221; global_colors_info=&#8221;{}&#8221;][et_pb_column type=&#8221;4_4&#8243; _builder_version=&#8221;4.16&#8243; _module_preset=&#8221;default&#8221; global_colors_info=&#8221;{}&#8221;][\/et_pb_column][\/et_pb_row][et_pb_row column_structure=&#8221;2_5,3_5&#8243; _builder_version=&#8221;4.16&#8243; _module_preset=&#8221;default&#8221; global_colors_info=&#8221;{}&#8221;][et_pb_column type=&#8221;2_5&#8243; _builder_version=&#8221;4.16&#8243; _module_preset=&#8221;default&#8221; global_colors_info=&#8221;{}&#8221;][et_pb_image src=&#8221;https:\/\/ihsfa.cl\/wp-content\/uploads\/2023\/02\/cropped-ihsfa-trans.png&#8221; title_text=&#8221;cropped-ihsfa-trans.png&#8221; _builder_version=&#8221;4.26.0&#8243; _module_preset=&#8221;default&#8221; hover_enabled=&#8221;0&#8243; global_colors_info=&#8221;{}&#8221; sticky_enabled=&#8221;0&#8243;][\/et_pb_image][\/et_pb_column][et_pb_column type=&#8221;3_5&#8243; _builder_version=&#8221;4.16&#8243; _module_preset=&#8221;default&#8221; global_colors_info=&#8221;{}&#8221;][et_pb_text _builder_version=&#8221;4.26.0&#8243; _module_preset=&#8221;default&#8221; hover_enabled=&#8221;0&#8243; global_colors_info=&#8221;{}&#8221; sticky_enabled=&#8221;0&#8243;]<\/p>\n<h1><strong>Director de Formaci\u00f3n<\/strong><\/h1>\n<p>Sr.<\/p>\n<p>Correo de contacto: <a href=\"mailto:ilazo@ihsfa.cl\">@ihsfa.cl<\/a><span><\/span><\/p>\n<p>Tel\u00e9fono: 412-871568<\/p>\n<p><strong>OBJETIVO<\/strong><br \/>Profesional de la educaci\u00f3n que se responsabiliza de las funciones organizativas necesarias para el cumplimiento del Manual Interno y de convivencia escolar de la Instituci\u00f3n.<\/p>\n<p><strong>FUNCIONES<\/strong><\/p>\n<ul>\n<li style=\"text-align: justify;\">Establecer lineamientos educativo-formativos al interior de los diferentes niveles.<\/li>\n<li style=\"text-align: justify;\">Administrar la disciplina de los estudiantes<\/li>\n<li style=\"text-align: justify;\">Coordina aspectos disciplinarios de la funci\u00f3n docente.<\/li>\n<li style=\"text-align: justify;\">Asegura la existencia de informaci\u00f3n \u00fatil para la toma oportuna de decisiones.<\/li>\n<li style=\"text-align: justify;\">Coordina y ejecuta el proceso de admisi\u00f3n de estudiantes.<\/li>\n<li style=\"text-align: justify;\">Coordina y ejecuta la implementaci\u00f3n de las Actividades de Libre Elecci\u00f3n.<\/li>\n<li style=\"text-align: justify;\">Difundir el PEI y la Planificaci\u00f3n Estrat\u00e9gica del establecimiento.<\/li>\n<\/ul>\n<p>[\/et_pb_text][\/et_pb_column][\/et_pb_row][\/et_pb_section]<\/p>\n","protected":false},"excerpt":{"rendered":"<p>Director de Formaci\u00f3n Sr. Correo de contacto: @ihsfa.cl Tel\u00e9fono: 412-871568 OBJETIVOProfesional de la educaci\u00f3n que se responsabiliza de las funciones organizativas necesarias para el cumplimiento del Manual Interno y de convivencia escolar de la Instituci\u00f3n. FUNCIONES Establecer lineamientos educativo-formativos al interior de los diferentes niveles. Administrar la disciplina de los estudiantes Coordina aspectos disciplinarios de [&hellip;]<\/p>\n","protected":false},"author":1,"featured_media":0,"parent":0,"menu_order":0,"comment_status":"closed","ping_status":"closed","template":"","meta":{"_et_pb_use_builder":"on","_et_pb_old_content":"","_et_gb_content_width":"","footnotes":""},"class_list":["post-2222","page","type-page","status-publish","hentry"],"_links":{"self":[{"href":"https:\/\/ihsfa.cl\/index.php\/wp-json\/wp\/v2\/pages\/2222"}],"collection":[{"href":"https:\/\/ihsfa.cl\/index.php\/wp-json\/wp\/v2\/pages"}],"about":[{"href":"https:\/\/ihsfa.cl\/index.php\/wp-json\/wp\/v2\/types\/page"}],"author":[{"embeddable":true,"href":"https:\/\/ihsfa.cl\/index.php\/wp-json\/wp\/v2\/users\/1"}],"replies":[{"embeddable":true,"href":"https:\/\/ihsfa.cl\/index.php\/wp-json\/wp\/v2\/comments?post=2222"}],"version-history":[{"count":6,"href":"https:\/\/ihsfa.cl\/index.php\/wp-json\/wp\/v2\/pages\/2222\/revisions"}],"predecessor-version":[{"id":3361,"href":"https:\/\/ihsfa.cl\/index.php\/wp-json\/wp\/v2\/pages\/2222\/revisions\/3361"}],"wp:attachment":[{"href":"https:\/\/ihsfa.cl\/index.php\/wp-json\/wp\/v2\/media?parent=2222"}],"curies":[{"name":"wp","href":"https:\/\/api.w.org\/{rel}","templated":true}]}}