{"id":41,"date":"2020-11-16T11:42:37","date_gmt":"2020-11-16T15:42:37","guid":{"rendered":"http:\/\/ihsfa.cl\/?page_id=41"},"modified":"2026-03-10T15:57:15","modified_gmt":"2026-03-10T19:57:15","slug":"mision-y-vision","status":"publish","type":"page","link":"https:\/\/ihsfa.cl\/index.php\/mision-y-vision\/","title":{"rendered":"Misi\u00f3n y Visi\u00f3n"},"content":{"rendered":"<p>[et_pb_section fb_built=&#8221;1&#8243; _builder_version=&#8221;4.16&#8243; _module_preset=&#8221;default&#8221; background_color=&#8221;#433f87&#8243; border_width_top=&#8221;2px&#8221; border_color_top=&#8221;#e09900&#8243; global_colors_info=&#8221;{}&#8221;][et_pb_row _builder_version=&#8221;4.16&#8243; _module_preset=&#8221;default&#8221; global_colors_info=&#8221;{}&#8221;][et_pb_column type=&#8221;4_4&#8243; _builder_version=&#8221;4.16&#8243; _module_preset=&#8221;default&#8221; global_colors_info=&#8221;{}&#8221;][et_pb_text _builder_version=&#8221;4.16&#8243; _dynamic_attributes=&#8221;content&#8221; _module_preset=&#8221;default&#8221; header_font=&#8221;|700||on|||||&#8221; header_text_align=&#8221;center&#8221; header_text_color=&#8221;#ffffff&#8221; header_font_size=&#8221;45px&#8221; header_line_height=&#8221;1.3em&#8221; global_colors_info=&#8221;{}&#8221;]@ET-DC@eyJkeW5hbWljIjp0cnVlLCJjb250ZW50IjoicG9zdF9saW5rIiwic2V0dGluZ3MiOnsiYmVmb3JlIjoiPGgxPiIsImFmdGVyIjoiPC9oMT4iLCJ0ZXh0IjoicG9zdF90aXRsZSIsImN1c3RvbV90ZXh0IjoiIn19@[\/et_pb_text][\/et_pb_column][\/et_pb_row][\/et_pb_section][et_pb_section fb_built=&#8221;1&#8243; _builder_version=&#8221;4.16&#8243; _module_preset=&#8221;default&#8221; global_colors_info=&#8221;{}&#8221;][et_pb_row _builder_version=&#8221;4.16&#8243; _module_preset=&#8221;default&#8221; global_colors_info=&#8221;{}&#8221;][et_pb_column type=&#8221;4_4&#8243; _builder_version=&#8221;4.16&#8243; _module_preset=&#8221;default&#8221; global_colors_info=&#8221;{}&#8221;][et_pb_text _builder_version=&#8221;4.16&#8243; _module_preset=&#8221;default&#8221; global_colors_info=&#8221;{}&#8221;]<\/p>\n<h1>MISI\u00d3N<\/h1>\n<p>Somos una red de colegios pertenecientes al Arzobispado de la Sant\u00edsima Concepci\u00f3n, que busca desarrollar al m\u00e1ximo las potencialidades de nuestros estudiantes. En colaboraci\u00f3n con la familia, buscamos una formaci\u00f3n integral basada en los valores del evangelio de Jesucristo, con la capacidad de servir y de transformar a nuestra sociedad en una m\u00e1s justa, humana y solidaria.<\/p>\n<h1>VISI\u00d3N<\/h1>\n<p>Al 2026, los colegios pertenecientes al Arzobispado de la Sant\u00edsima Concepci\u00f3n, queremos posicionarnos a la vanguardia de los colegios de la comuna en la cual estamos insertos. A trav\u00e9s de una formaci\u00f3n, que desarrolla las capacidades y valores de los educandos, aspiramos a ser reconocidos como referentes de una educaci\u00f3n cat\u00f3lica de calidad que contribuye a la sociedad con personas que hacen s\u00edntesis de fe, cultura y vida.<\/p>\n<h2><\/h2>\n<h2>Tres son los n\u00facleos de nuestro Proyecto Educativo<\/h2>\n<p><strong>Educar:<\/strong> Comprendido como el proceso din\u00e1mico que tiene como misi\u00f3n hacer fructificar todos los talentos y todas las capacidades de las personas; donde el educando es constructor de sus propios saberes en la b\u00fasqueda de su vocaci\u00f3n.<\/p>\n<p><strong>Evangelizar:<\/strong> En nuestros colegios, es crear las condiciones que propicien el descubrir a Cristo en nuestro interior a trav\u00e9s de las cosas cotidianas de la vida para anunciar y dar testimonio de su presencia.<\/p>\n<p><strong>Servir:<\/strong> Todo cristiano est\u00e1 llamado a vivir en actitud de servicio, es decir, a ofrecer sus capacidades y conocimientos en bien de los dem\u00e1s, contribuyendo al bienestar de toda la comunidad.<\/p>\n<p>[\/et_pb_text][\/et_pb_column][\/et_pb_row][\/et_pb_section][et_pb_section fb_built=&#8221;1&#8243; _builder_version=&#8221;4.16&#8243; _module_preset=&#8221;default&#8221; global_colors_info=&#8221;{}&#8221;][\/et_pb_section]<\/p>\n","protected":false},"excerpt":{"rendered":"<p>MISI\u00d3N Somos una red de colegios pertenecientes al Arzobispado de la Sant\u00edsima Concepci\u00f3n, que busca desarrollar al m\u00e1ximo las potencialidades de nuestros estudiantes. En colaboraci\u00f3n con la familia, buscamos una formaci\u00f3n integral basada en los valores del evangelio de Jesucristo, con la capacidad de servir y de transformar a nuestra sociedad en una m\u00e1s justa, [&hellip;]<\/p>\n","protected":false},"author":1,"featured_media":0,"parent":0,"menu_order":0,"comment_status":"closed","ping_status":"closed","template":"","meta":{"_et_pb_use_builder":"on","_et_pb_old_content":"","_et_gb_content_width":"","footnotes":""},"class_list":["post-41","page","type-page","status-publish","hentry"],"_links":{"self":[{"href":"https:\/\/ihsfa.cl\/index.php\/wp-json\/wp\/v2\/pages\/41"}],"collection":[{"href":"https:\/\/ihsfa.cl\/index.php\/wp-json\/wp\/v2\/pages"}],"about":[{"href":"https:\/\/ihsfa.cl\/index.php\/wp-json\/wp\/v2\/types\/page"}],"author":[{"embeddable":true,"href":"https:\/\/ihsfa.cl\/index.php\/wp-json\/wp\/v2\/users\/1"}],"replies":[{"embeddable":true,"href":"https:\/\/ihsfa.cl\/index.php\/wp-json\/wp\/v2\/comments?post=41"}],"version-history":[{"count":5,"href":"https:\/\/ihsfa.cl\/index.php\/wp-json\/wp\/v2\/pages\/41\/revisions"}],"predecessor-version":[{"id":4073,"href":"https:\/\/ihsfa.cl\/index.php\/wp-json\/wp\/v2\/pages\/41\/revisions\/4073"}],"wp:attachment":[{"href":"https:\/\/ihsfa.cl\/index.php\/wp-json\/wp\/v2\/media?parent=41"}],"curies":[{"name":"wp","href":"https:\/\/api.w.org\/{rel}","templated":true}]}}