{"id":562,"date":"2021-03-02T11:48:48","date_gmt":"2021-03-02T15:48:48","guid":{"rendered":"http:\/\/ihsfa.cl\/?page_id=562"},"modified":"2026-01-09T10:09:38","modified_gmt":"2026-01-09T14:09:38","slug":"lista-de-utiles-escolares","status":"publish","type":"page","link":"https:\/\/ihsfa.cl\/index.php\/lista-de-utiles-escolares\/","title":{"rendered":"Lista de utiles escolares"},"content":{"rendered":"<p>[et_pb_section fb_built=&#8221;1&#8243; _builder_version=&#8221;4.16&#8243; _module_preset=&#8221;default&#8221; background_color=&#8221;#433f87&#8243; min_height=&#8221;259px&#8221; custom_margin=&#8221;||-161px|||&#8221; border_width_top=&#8221;2px&#8221; border_color_top=&#8221;#f0b800&#8243; global_colors_info=&#8221;{}&#8221;][et_pb_row _builder_version=&#8221;4.16&#8243; _module_preset=&#8221;default&#8221; global_colors_info=&#8221;{}&#8221;][et_pb_column type=&#8221;4_4&#8243; _builder_version=&#8221;4.16&#8243; _module_preset=&#8221;default&#8221; global_colors_info=&#8221;{}&#8221;][et_pb_text _builder_version=&#8221;4.27.2&#8243; _module_preset=&#8221;default&#8221; header_font=&#8221;|700||on|||||&#8221; header_text_align=&#8221;center&#8221; header_text_color=&#8221;#ffffff&#8221; header_font_size=&#8221;45px&#8221; min_height=&#8221;33px&#8221; custom_padding=&#8221;||0px|||&#8221; hover_enabled=&#8221;0&#8243; global_colors_info=&#8221;{}&#8221; sticky_enabled=&#8221;0&#8243;]<\/p>\n<h1 style=\"text-align: center;\">LISTA DE \u00daTILES IHSFA 2026<\/h1>\n<h1 style=\"text-align: center;\"><span style=\"color: #ffffff;\"><\/span><\/h1>\n<h1 style=\"text-align: center;\"><span style=\"color: #ffffff;\"><\/span><\/h1>\n<h1 style=\"text-align: center;\"><span style=\"color: #ffffff;\"><\/span><\/h1>\n<h1 style=\"text-align: center;\"><span style=\"color: #ffffff;\"><\/span><\/h1>\n<h1 style=\"text-align: center;\"><span style=\"color: #ffffff;\"><\/span><\/h1>\n<h1 style=\"text-align: center;\"><span style=\"color: #ffffff;\"><\/span><\/h1>\n<h1 style=\"text-align: center;\"><span style=\"color: #ffffff;\"><\/span><\/h1>\n<h1 style=\"text-align: center;\"><span style=\"color: #ffffff;\"><\/span><\/h1>\n<p>[\/et_pb_text][\/et_pb_column][\/et_pb_row][\/et_pb_section][et_pb_section fb_built=&#8221;1&#8243; _builder_version=&#8221;4.16&#8243; _module_preset=&#8221;default&#8221; min_height=&#8221;760.1px&#8221; custom_margin=&#8221;-122px|||||&#8221; global_colors_info=&#8221;{}&#8221;][et_pb_row _builder_version=&#8221;4.19.4&#8243; _module_preset=&#8221;default&#8221; min_height=&#8221;369px&#8221; global_colors_info=&#8221;{}&#8221;][et_pb_column type=&#8221;4_4&#8243; _builder_version=&#8221;4.16&#8243; _module_preset=&#8221;default&#8221; global_colors_info=&#8221;{}&#8221;][et_pb_text _builder_version=&#8221;4.27.2&#8243; _module_preset=&#8221;default&#8221; hover_enabled=&#8221;0&#8243; global_colors_info=&#8221;{}&#8221; sticky_enabled=&#8221;0&#8243;]<\/p>\n<h4 style=\"text-align: left;\"><span>Las listas de \u00fatiles escolares para el a\u00f1o acad\u00e9mico 2026 se encuentran disponibles en el siguiente enlace:\u00a0<\/span><\/h4>\n<p><span><\/span><\/p>\n<h2 style=\"text-align: center;\"><strong><a href=\"https:\/\/drive.google.com\/drive\/folders\/1KG5EM8jFMvFB_v_lDboDaRacLIXhWRV8\" target=\"_blank\" rel=\"noopener\" title=\"VER LISTA DE \u00daTILES\">VER LISTA DE \u00daTILES<\/a><\/strong><\/h2>\n<p><strong><\/strong><\/p>\n<p><strong><\/strong><\/p>\n<p><iframe src=\"https:\/\/drive.google.com\/embeddedfolderview?id=1KG5EM8jFMvFB_v_lDboDaRacLIXhWRV8#grid\" style=\"width: 100%; height: 1000px; border: 0;\"><\/iframe><\/p>\n<p>[\/et_pb_text][\/et_pb_column][\/et_pb_row][et_pb_row _builder_version=&#8221;4.27.0&#8243; _module_preset=&#8221;default&#8221; global_colors_info=&#8221;{}&#8221;][et_pb_column type=&#8221;4_4&#8243; _builder_version=&#8221;4.27.0&#8243; _module_preset=&#8221;default&#8221; global_colors_info=&#8221;{}&#8221;][et_pb_code _builder_version=&#8221;4.27.0&#8243; _module_preset=&#8221;default&#8221; global_colors_info=&#8221;{}&#8221;][\/et_pb_code][\/et_pb_column][\/et_pb_row][et_pb_row _builder_version=&#8221;4.27.0&#8243; _module_preset=&#8221;default&#8221; global_colors_info=&#8221;{}&#8221;][et_pb_column type=&#8221;4_4&#8243; _builder_version=&#8221;4.27.0&#8243; _module_preset=&#8221;default&#8221; global_colors_info=&#8221;{}&#8221;][et_pb_code _builder_version=&#8221;4.27.0&#8243; _module_preset=&#8221;default&#8221; global_colors_info=&#8221;{}&#8221;][\/et_pb_code][\/et_pb_column][\/et_pb_row][\/et_pb_section]<\/p>\n","protected":false},"excerpt":{"rendered":"<p>LISTA DE \u00daTILES IHSFA 2026 Las listas de \u00fatiles escolares para el a\u00f1o acad\u00e9mico 2026 se encuentran disponibles en el siguiente enlace:\u00a0 VER LISTA DE \u00daTILES<\/p>\n","protected":false},"author":1,"featured_media":0,"parent":0,"menu_order":0,"comment_status":"closed","ping_status":"closed","template":"","meta":{"_et_pb_use_builder":"on","_et_pb_old_content":"<!-- wp:list -->\n<ul><!-- wp:list-item -->\n<li><a href=\"http:\/\/ihsfa.cl\/wp-content\/uploads\/2022\/02\/Lista-de-utiles-Pre-Kinder-2022.docx.pdf\" target=\"_blank\" rel=\"noreferrer noopener\">Pre Kinder 2022<\/a><\/li>\n<!-- \/wp:list-item -->\n\n<!-- wp:list-item -->\n<li><a href=\"http:\/\/ihsfa.cl\/wp-content\/uploads\/2022\/02\/Lista-de-utiles-Kinder-2022.pdf\" target=\"_blank\" rel=\"noreferrer noopener\">Kinder 2022<\/a><\/li>\n<!-- \/wp:list-item -->\n\n<!-- wp:list-item -->\n<li><a href=\"http:\/\/ihsfa.cl\/wp-content\/uploads\/2022\/02\/Lista-de-utiles-1os.-Basicos-2022.docx.pdf\" target=\"_blank\" rel=\"noreferrer noopener\">Primeros B\u00e1sicos<\/a><\/li>\n<!-- \/wp:list-item -->\n\n<!-- wp:list-item -->\n<li><a href=\"http:\/\/ihsfa.cl\/wp-content\/uploads\/2022\/02\/Lista-de-utiles-2os.-Basicos-2022.docx.pdf\" target=\"_blank\" rel=\"noreferrer noopener\">Segundos B\u00e1sicos<\/a><\/li>\n<!-- \/wp:list-item -->\n\n<!-- wp:list-item -->\n<li><a href=\"http:\/\/ihsfa.cl\/wp-content\/uploads\/2022\/02\/Lista-de-utiles-3os.-Basicos-2022.docx.pdf\" target=\"_blank\" rel=\"noreferrer noopener\">Terceros B\u00e1sicos<\/a><\/li>\n<!-- \/wp:list-item -->\n\n<!-- wp:list-item -->\n<li><a href=\"http:\/\/ihsfa.cl\/wp-content\/uploads\/2022\/02\/Lista-de-utiles-4os.-Basicos-2022.docx.pdf\" target=\"_blank\" rel=\"noreferrer noopener\">Cuartos B\u00e1sicos<\/a><\/li>\n<!-- \/wp:list-item -->\n\n<!-- wp:list-item -->\n<li><a href=\"http:\/\/ihsfa.cl\/wp-content\/uploads\/2022\/02\/Lista-de-utiles-5tos.-Basicos-2022.docx.pdf\" target=\"_blank\" rel=\"noreferrer noopener\">Quintos B\u00e1sicos<\/a><\/li>\n<!-- \/wp:list-item -->\n\n<!-- wp:list-item -->\n<li><a href=\"http:\/\/ihsfa.cl\/wp-content\/uploads\/2022\/02\/Lista-de-utiles-6tos.-Basicos-2022.docx.pdf\" target=\"_blank\" rel=\"noreferrer noopener\">Sextos B\u00e1sicos<\/a><\/li>\n<!-- \/wp:list-item -->\n\n<!-- wp:list-item -->\n<li><a href=\"http:\/\/ihsfa.cl\/wp-content\/uploads\/2022\/02\/Lista-de-utiles-7-Y-8-BASICO-2022.docx.pdf\" target=\"_blank\" rel=\"noreferrer noopener\">S\u00e9ptimos y Octavos B\u00e1sicos<\/a><\/li>\n<!-- \/wp:list-item -->\n\n<!-- wp:list-item -->\n<li><a href=\"http:\/\/ihsfa.cl\/wp-content\/uploads\/2022\/02\/Lista-de-utiles-1-Y-2-medio-2022.docx-1.pdf\" target=\"_blank\" rel=\"noreferrer noopener\">Primeros y Segundos Medios<\/a><\/li>\n<!-- \/wp:list-item -->\n\n<!-- wp:list-item -->\n<li><a href=\"http:\/\/ihsfa.cl\/wp-content\/uploads\/2022\/02\/Lista-de-utiles-3\u00b0-y-4\u00b0-medio-2022.docx.pdf\" target=\"_blank\" rel=\"noreferrer noopener\">Terceros y Cuarto Medios<\/a><\/li>\n<!-- \/wp:list-item --><\/ul>\n<!-- \/wp:list -->","_et_gb_content_width":"","footnotes":""},"class_list":["post-562","page","type-page","status-publish","hentry"],"_links":{"self":[{"href":"https:\/\/ihsfa.cl\/index.php\/wp-json\/wp\/v2\/pages\/562"}],"collection":[{"href":"https:\/\/ihsfa.cl\/index.php\/wp-json\/wp\/v2\/pages"}],"about":[{"href":"https:\/\/ihsfa.cl\/index.php\/wp-json\/wp\/v2\/types\/page"}],"author":[{"embeddable":true,"href":"https:\/\/ihsfa.cl\/index.php\/wp-json\/wp\/v2\/users\/1"}],"replies":[{"embeddable":true,"href":"https:\/\/ihsfa.cl\/index.php\/wp-json\/wp\/v2\/comments?post=562"}],"version-history":[{"count":31,"href":"https:\/\/ihsfa.cl\/index.php\/wp-json\/wp\/v2\/pages\/562\/revisions"}],"predecessor-version":[{"id":4043,"href":"https:\/\/ihsfa.cl\/index.php\/wp-json\/wp\/v2\/pages\/562\/revisions\/4043"}],"wp:attachment":[{"href":"https:\/\/ihsfa.cl\/index.php\/wp-json\/wp\/v2\/media?parent=562"}],"curies":[{"name":"wp","href":"https:\/\/api.w.org\/{rel}","templated":true}]}}